{"id":36,"date":"2011-11-28T21:46:53","date_gmt":"2011-11-28T20:46:53","guid":{"rendered":"http:\/\/ubv-sok.de\/wordpress\/?page_id=36"},"modified":"2024-03-02T23:22:35","modified_gmt":"2024-03-02T22:22:35","slug":"landratswahl-2012","status":"publish","type":"page","link":"https:\/\/ubv-sok.de\/?page_id=36","title":{"rendered":"Landratswahl 2012"},"content":{"rendered":"<p><strong><span style=\"text-decoration: underline;\">Wie sieht Andreas Scheffczyk die Kandidatur zur Landratswahl?<\/span><\/strong><\/p>\n<p><strong>Kandidatur<\/strong><\/p>\n<p>\u201eNicht ich kandidiere f\u00fcr das Amt des Landrates, sondern die B\u00fcrger kandidieren mit mir. Dies k\u00f6nnen vor allem auch die B\u00fcrger tun, die l\u00e4ngst aufgegeben haben an Recht und Gerechtigkeit in diesem Land zu glauben. Demokratie ist durch das Grundgesetz zugesichert, doch sie muss beh\u00fctet, verteidigt und auch immer wieder neu erk\u00e4mpft werden.&#8220;<\/p>\n<p><strong>Wahlversprechen &#8211; Wahlkampf<\/strong><\/p>\n<p>\u201eWahlversprechen dienen doch meist nur dazu, W\u00e4hlerstimmen einzufangen. Das nennt man dann Wahlkampf. In meinen Augen ist das l\u00e4cherlich und die Versprechungen werden meist nach den Wahlen schnell ins Tal der Vergessenheit geschickt.<\/p>\n<p>Ich kann<strong> nur ein Versprechen <\/strong>geben und das halte ich garantiert ein: <strong>Ich bleibe so, wie ich mich 20 jahrelang f\u00fcr die Interessen der B\u00fcrger uneigenn\u00fctzig eingesetzt habe, also ganz im Sinne unserer Buchstaben UBV \u2013 Unabh\u00e4ngige B\u00fcrgervertretung.<\/strong> Es gibt keine Parteizentrale, die mir Vorgaben macht. Ich bin nur meinem Gewissen verpflichtet und darauf k\u00f6nnen Sie sich verlassen.\u201c<\/p>\n<p>&nbsp;<\/p>\n<p><strong>Wahl \u2013 Entscheidung des B\u00fcrgers<\/strong><\/p>\n<p>\u201eB\u00fcrger k\u00f6nnen sich zu Wahlen an Versprechungen, Wahlprogrammen (Parteiprogrammen) oder an den bereits erbrachten Leistungen der Kandidaten\u00a0 orientieren.<\/p>\n<p>Deshalb m\u00f6chte ich eine kurze R\u00fcckschau \u00fcber einige ausgew\u00e4hlte Aktivit\u00e4ten der UBV geben:<\/p>\n<ul>\n<li><strong>St\u00e4ndiges Ringen um Recht und Gerechtigkeit<\/strong><br \/>\nF\u00fcr mich ist das Recht unteilbar und f\u00fcr alle gleich.<\/li>\n<li><strong>Erhalt und Schutz unserer Umwelt <\/strong><\/li>\n<li><strong>Einsatz um gerechte Wasser- und Abwassergeb\u00fchren und -beitr\u00e4ge <\/strong> <strong>bis hin zur Abschaffung dieser Beitr\u00e4ge<\/strong><strong> und auch der Stra\u00dfenausbaubeitr\u00e4ge<\/strong><\/li>\n<li><strong>Kampf um Erhalt aller Schulen und sichern ordentlicher Lern- und Arbeitsbedingungen an allen Schulen des SOK<\/strong><\/li>\n<li><strong>Sparsamer Umgang mit den \u00f6ffentlichen Geldern (Steuergeldern)<\/strong><\/li>\n<\/ul>\n<p>Nun k\u00f6nnen Sie entscheiden, ob ich Sie in Sachen Demokratie und Gerechtigkeit vertrteten soll.<\/p>\n<p>Andreas Scheffczyk<iframe loading=\"lazy\" style=\"overflow: hidden; width: 100%; height: 80px;\" src=\"http:\/\/www.facebook.com\/plugins\/like.php?href=http%3A%2F%2Fubv-sok.de\/wordpress\/?page_id=36&amp;layout=standard&amp;show_faces=true&amp;width=450&amp;action=like&amp;colorscheme=light&amp;height=80\" height=\"240\" width=\"320\" frameborder=\"0\" scrolling=\"no\"><\/iframe><\/p>\n","protected":false},"excerpt":{"rendered":"<p>Wie sieht Andreas Scheffczyk die Kandidatur zur Landratswahl? Kandidatur \u201eNicht ich kandidiere f\u00fcr das Amt des Landrates, sondern die B\u00fcrger kandidieren mit mir. Dies k\u00f6nnen vor allem auch die B\u00fcrger tun, die l\u00e4ngst aufgegeben haben an Recht und Gerechtigkeit in diesem Land zu glauben. Demokratie ist durch das Grundgesetz zugesichert, doch sie muss beh\u00fctet, verteidigt [&hellip;]<\/p>\n","protected":false},"author":2,"featured_media":0,"parent":463,"menu_order":17,"comment_status":"open","ping_status":"closed","template":"","meta":{"footnotes":""},"class_list":["post-36","page","type-page","status-publish","hentry"],"_links":{"self":[{"href":"https:\/\/ubv-sok.de\/index.php?rest_route=\/wp\/v2\/pages\/36","targetHints":{"allow":["GET"]}}],"collection":[{"href":"https:\/\/ubv-sok.de\/index.php?rest_route=\/wp\/v2\/pages"}],"about":[{"href":"https:\/\/ubv-sok.de\/index.php?rest_route=\/wp\/v2\/types\/page"}],"author":[{"embeddable":true,"href":"https:\/\/ubv-sok.de\/index.php?rest_route=\/wp\/v2\/users\/2"}],"replies":[{"embeddable":true,"href":"https:\/\/ubv-sok.de\/index.php?rest_route=%2Fwp%2Fv2%2Fcomments&post=36"}],"version-history":[{"count":20,"href":"https:\/\/ubv-sok.de\/index.php?rest_route=\/wp\/v2\/pages\/36\/revisions"}],"predecessor-version":[{"id":490,"href":"https:\/\/ubv-sok.de\/index.php?rest_route=\/wp\/v2\/pages\/36\/revisions\/490"}],"up":[{"embeddable":true,"href":"https:\/\/ubv-sok.de\/index.php?rest_route=\/wp\/v2\/pages\/463"}],"wp:attachment":[{"href":"https:\/\/ubv-sok.de\/index.php?rest_route=%2Fwp%2Fv2%2Fmedia&parent=36"}],"curies":[{"name":"wp","href":"https:\/\/api.w.org\/{rel}","templated":true}]}}