{"id":26,"date":"2011-11-28T21:15:13","date_gmt":"2011-11-28T20:15:13","guid":{"rendered":"http:\/\/ubv-sok.de\/wordpress\/?page_id=26"},"modified":"2024-03-03T10:46:39","modified_gmt":"2024-03-03T09:46:39","slug":"arbeit-im-kreistag","status":"publish","type":"page","link":"https:\/\/ubv-sok.de\/?page_id=26","title":{"rendered":"Regelschule am Hain"},"content":{"rendered":"<p><strong>Erhalt der Regelschule am Hain in Bad Lobenstein<\/strong><\/p>\n<p>Die Regelschule am Hain in Bad Lobenstein soll nach dem Willen des Landrates, Herrn Ro\u00dfner, und der Mehrheit des Kreistages geschlossen werden. Ein Antrag der UBV \u2013 Fraktion zur Erhaltung dieser Schule wurde vom Kreistag abgelehnt. <strong>Bis 2007<\/strong> <strong>investierte<\/strong> <strong>der<\/strong> <strong>Landkreis<\/strong> in diese Schule <strong>2.625.000 \u20ac<\/strong> f\u00fcr Heizung, Sporthalle, Dach, Schulhof und Fachunterrichtsr\u00e4ume. Die Regelschule soll in ein <strong>f\u00fcr mindest. 9.000.000 \u20ac<\/strong> neu zu schaffendes Schulzentrum integriert werden.<br \/>\n<iframe style=\"border: none; overflow: hidden; width: 100%; height: 80px;\" src=\"http:\/\/www.facebook.com\/plugins\/like.php?href=http%3A%2F%2Fubv-sok.de\/wordpress\/?page_id=26&amp;layout=standard&amp;show_faces=true&amp;width=450&amp;action=like&amp;colorscheme=light&amp;height=80\" frameborder=\"0\" scrolling=\"no\"><\/iframe><\/p>\n","protected":false},"excerpt":{"rendered":"<p>Erhalt der Regelschule am Hain in Bad Lobenstein Die Regelschule am Hain in Bad Lobenstein soll nach dem Willen des Landrates, Herrn Ro\u00dfner, und der Mehrheit des Kreistages geschlossen werden. Ein Antrag der UBV \u2013 Fraktion zur Erhaltung dieser Schule wurde vom Kreistag abgelehnt. Bis 2007 investierte der Landkreis in diese Schule 2.625.000 \u20ac f\u00fcr [&hellip;]<\/p>\n","protected":false},"author":2,"featured_media":0,"parent":0,"menu_order":19,"comment_status":"open","ping_status":"closed","template":"","meta":{"footnotes":""},"class_list":["post-26","page","type-page","status-publish","hentry"],"_links":{"self":[{"href":"https:\/\/ubv-sok.de\/index.php?rest_route=\/wp\/v2\/pages\/26","targetHints":{"allow":["GET"]}}],"collection":[{"href":"https:\/\/ubv-sok.de\/index.php?rest_route=\/wp\/v2\/pages"}],"about":[{"href":"https:\/\/ubv-sok.de\/index.php?rest_route=\/wp\/v2\/types\/page"}],"author":[{"embeddable":true,"href":"https:\/\/ubv-sok.de\/index.php?rest_route=\/wp\/v2\/users\/2"}],"replies":[{"embeddable":true,"href":"https:\/\/ubv-sok.de\/index.php?rest_route=%2Fwp%2Fv2%2Fcomments&post=26"}],"version-history":[{"count":15,"href":"https:\/\/ubv-sok.de\/index.php?rest_route=\/wp\/v2\/pages\/26\/revisions"}],"predecessor-version":[{"id":1009,"href":"https:\/\/ubv-sok.de\/index.php?rest_route=\/wp\/v2\/pages\/26\/revisions\/1009"}],"wp:attachment":[{"href":"https:\/\/ubv-sok.de\/index.php?rest_route=%2Fwp%2Fv2%2Fmedia&parent=26"}],"curies":[{"name":"wp","href":"https:\/\/api.w.org\/{rel}","templated":true}]}}